{"id":1778,"date":"2023-05-07T12:45:25","date_gmt":"2023-05-07T10:45:25","guid":{"rendered":"https:\/\/prostoznieba.eu\/?page_id=1778"},"modified":"2023-05-07T12:53:56","modified_gmt":"2023-05-07T10:53:56","slug":"wydarzenia","status":"publish","type":"page","link":"https:\/\/prostoznieba.eu\/?page_id=1778","title":{"rendered":"Wydarzenia"},"content":{"rendered":"\n\t\t\t<div class=\"wp-block-uagb-post-grid uagb-post-grid  uagb-post__image-position-top uagb-post__image-enabled uagb-block-747d25bc     uagb-post__items uagb-post__columns-3 is-grid uagb-post__columns-tablet-2 uagb-post__columns-mobile-1 uagb-post__equal-height\" data-total=\"2\" style=\"\">\n\n\t\t\t\t\t\t\t\t\t\t\t\t<article class=\"uagb-post__inner-wrap\">\t\t\t\t\t\t\t\t<div class='uagb-post__image'>\n\t\t\t\t\t\t\t\t\t<a href=\"https:\/\/prostoznieba.eu\/?p=2386\" target=\"_self\" rel=\"bookmark noopener noreferrer\" class='uagb-image-ratio-inherit'><img decoding=\"async\" width=\"800\" height=\"800\" src=\"https:\/\/prostoznieba.eu\/wp-content\/uploads\/2025\/05\/IMAGE-2025-05-12-205639.jpg\" class=\"attachment-large size-large\" alt=\"\" srcset=\"https:\/\/prostoznieba.eu\/wp-content\/uploads\/2025\/05\/IMAGE-2025-05-12-205639.jpg 800w, https:\/\/prostoznieba.eu\/wp-content\/uploads\/2025\/05\/IMAGE-2025-05-12-205639-300x300.jpg 300w, https:\/\/prostoznieba.eu\/wp-content\/uploads\/2025\/05\/IMAGE-2025-05-12-205639-150x150.jpg 150w, https:\/\/prostoznieba.eu\/wp-content\/uploads\/2025\/05\/IMAGE-2025-05-12-205639-768x768.jpg 768w\" sizes=\"(max-width: 800px) 100vw, 800px\" \/>\t\t\t\t\t<\/a>\n\t\t\t\t\t\t\t<\/div>\n\t\t\t\t\t\t<h4 class=\"uagb-post__title uagb-post__text\">\n\t\t\t\t<a href=\"https:\/\/prostoznieba.eu\/?p=2386\" target=\"_self\" rel=\"bookmark noopener noreferrer\">Raport na Pa\u017adziernik Anna Architektura<\/a>\n\t\t\t<\/h4>\n\t\t\t\t\t\t<div class='uagb-post__text uagb-post-grid-byline'>\n\t\t\t\t\t\t\t\t<time datetime=\"2025-09-30T10:02:09+02:00\" class=\"uagb-post__date\">\n\t\t\t\t<span class=\"dashicons-calendar dashicons\"><\/span>\t\t\t\t\t2025-09-30\t\t\t\t<\/time>\n\t\t\t\t\t\t\t<span class=\"uagb-post__comment\">\n\t\t\t\t<span class=\"dashicons-admin-comments dashicons\"><\/span>\t\t\t\t\tBrak komentarzy\t\t\t\t<\/span>\n\t\t\t\t\t\t<\/div>\n\t\t\t\t\t\t\t<div class='uagb-post__text uagb-post__excerpt'>\n\t\t\t\t\t<p>Poni\u017cej przedstawiam Wam moje t\u0142umaczenie Raportu Ani Architektury na miesi\u0105c pa\u017cdziernik 2025. Raport jest dost\u0119pny&#8230;\t\t\t\t<\/div>\n\t\t\t\t\t\t<div class=\"uagb-post__text uagb-post__cta wp-block-button\">\n\t\t\t\t<a class=\"wp-block-button__link uagb-text-link\" style=\"\" href=\"https:\/\/prostoznieba.eu\/?p=2386\" target=\"_self\" rel=\"bookmark noopener noreferrer\">Dowiedz si\u0119 wi\u0119cej<\/a>\n\t\t\t<\/div>\n\t\t\t\n\t\t\t\t\t\t\t\t\t<\/article>\n\t\t\t\t\t\t\t\t\t\t\t\t\t\t\t\t<article class=\"uagb-post__inner-wrap\">\t\t\t\t\t\t\t\t<div class='uagb-post__image'>\n\t\t\t\t\t\t\t\t\t<a href=\"https:\/\/prostoznieba.eu\/?p=2379\" target=\"_self\" rel=\"bookmark noopener noreferrer\" class='uagb-image-ratio-inherit'><img decoding=\"async\" width=\"800\" height=\"800\" src=\"https:\/\/prostoznieba.eu\/wp-content\/uploads\/2025\/05\/IMAGE-2025-05-12-205639.jpg\" class=\"attachment-large size-large\" alt=\"\" srcset=\"https:\/\/prostoznieba.eu\/wp-content\/uploads\/2025\/05\/IMAGE-2025-05-12-205639.jpg 800w, https:\/\/prostoznieba.eu\/wp-content\/uploads\/2025\/05\/IMAGE-2025-05-12-205639-300x300.jpg 300w, https:\/\/prostoznieba.eu\/wp-content\/uploads\/2025\/05\/IMAGE-2025-05-12-205639-150x150.jpg 150w, https:\/\/prostoznieba.eu\/wp-content\/uploads\/2025\/05\/IMAGE-2025-05-12-205639-768x768.jpg 768w\" sizes=\"(max-width: 800px) 100vw, 800px\" \/>\t\t\t\t\t<\/a>\n\t\t\t\t\t\t\t<\/div>\n\t\t\t\t\t\t<h4 class=\"uagb-post__title uagb-post__text\">\n\t\t\t\t<a href=\"https:\/\/prostoznieba.eu\/?p=2379\" target=\"_self\" rel=\"bookmark noopener noreferrer\">Pogotowie energetyczne albo szybkie konsultacje<\/a>\n\t\t\t<\/h4>\n\t\t\t\t\t\t<div class='uagb-post__text uagb-post-grid-byline'>\n\t\t\t\t\t\t\t\t<time datetime=\"2025-08-05T19:45:17+02:00\" class=\"uagb-post__date\">\n\t\t\t\t<span class=\"dashicons-calendar dashicons\"><\/span>\t\t\t\t\t2025-08-05\t\t\t\t<\/time>\n\t\t\t\t\t\t\t<span class=\"uagb-post__comment\">\n\t\t\t\t<span class=\"dashicons-admin-comments dashicons\"><\/span>\t\t\t\t\tBrak komentarzy\t\t\t\t<\/span>\n\t\t\t\t\t\t<\/div>\n\t\t\t\t\t\t\t<div class='uagb-post__text uagb-post__excerpt'>\n\t\t\t\t\t<p>Pogotowie energetyczne albo szybkie konsultacje Opis us\u0142ugi: Pogotowie energetyczne: gdy sytuacja wynika nagle i potrzebujesz&#8230;\t\t\t\t<\/div>\n\t\t\t\t\t\t<div class=\"uagb-post__text uagb-post__cta wp-block-button\">\n\t\t\t\t<a class=\"wp-block-button__link uagb-text-link\" style=\"\" href=\"https:\/\/prostoznieba.eu\/?p=2379\" target=\"_self\" rel=\"bookmark noopener noreferrer\">Dowiedz si\u0119 wi\u0119cej<\/a>\n\t\t\t<\/div>\n\t\t\t\n\t\t\t\t\t\t\t\t\t<\/article>\n\t\t\t\t\t\t\t\t\t\t\t\t\t\t\t\t<article class=\"uagb-post__inner-wrap\">\t\t\t\t\t\t\t\t<div class='uagb-post__image'>\n\t\t\t\t\t\t\t\t\t<a href=\"https:\/\/prostoznieba.eu\/?p=2366\" target=\"_self\" rel=\"bookmark noopener noreferrer\" class='uagb-image-ratio-inherit'><img decoding=\"async\" width=\"1024\" height=\"576\" src=\"https:\/\/prostoznieba.eu\/wp-content\/uploads\/2025\/06\/wahadla-2-1024x576.png\" class=\"attachment-large size-large\" alt=\"\" srcset=\"https:\/\/prostoznieba.eu\/wp-content\/uploads\/2025\/06\/wahadla-2-1024x576.png 1024w, https:\/\/prostoznieba.eu\/wp-content\/uploads\/2025\/06\/wahadla-2-300x169.png 300w, https:\/\/prostoznieba.eu\/wp-content\/uploads\/2025\/06\/wahadla-2-768x432.png 768w, https:\/\/prostoznieba.eu\/wp-content\/uploads\/2025\/06\/wahadla-2.png 1280w\" sizes=\"(max-width: 1024px) 100vw, 1024px\" \/>\t\t\t\t\t<\/a>\n\t\t\t\t\t\t\t<\/div>\n\t\t\t\t\t\t<h4 class=\"uagb-post__title uagb-post__text\">\n\t\t\t\t<a href=\"https:\/\/prostoznieba.eu\/?p=2366\" target=\"_self\" rel=\"bookmark noopener noreferrer\">Praca z wahad\u0142ami<\/a>\n\t\t\t<\/h4>\n\t\t\t\t\t\t<div class='uagb-post__text uagb-post-grid-byline'>\n\t\t\t\t\t\t\t\t<time datetime=\"2025-06-22T20:36:14+02:00\" class=\"uagb-post__date\">\n\t\t\t\t<span class=\"dashicons-calendar dashicons\"><\/span>\t\t\t\t\t2025-06-22\t\t\t\t<\/time>\n\t\t\t\t\t\t\t<span class=\"uagb-post__comment\">\n\t\t\t\t<span class=\"dashicons-admin-comments dashicons\"><\/span>\t\t\t\t\tBrak komentarzy\t\t\t\t<\/span>\n\t\t\t\t\t\t<\/div>\n\t\t\t\t\t\t\t<div class='uagb-post__text uagb-post__excerpt'>\n\t\t\t\t\t<p>I znowu Jestem \ufe0f\ufe0f\ufe0f\ufe0f\ufe0f co to za czas, \u017ce tak otwieram si\u0119 przed Wami ?&#8230;\t\t\t\t<\/div>\n\t\t\t\t\t\t<div class=\"uagb-post__text uagb-post__cta wp-block-button\">\n\t\t\t\t<a class=\"wp-block-button__link uagb-text-link\" style=\"\" href=\"https:\/\/prostoznieba.eu\/?p=2366\" target=\"_self\" rel=\"bookmark noopener noreferrer\">Dowiedz si\u0119 wi\u0119cej<\/a>\n\t\t\t<\/div>\n\t\t\t\n\t\t\t\t\t\t\t\t\t<\/article>\n\t\t\t\t\t\t\t\t\t\t\t\t\t\t\t\t<article class=\"uagb-post__inner-wrap\">\t\t\t\t\t\t\t\t<div class='uagb-post__image'>\n\t\t\t\t\t\t\t\t\t<a href=\"https:\/\/prostoznieba.eu\/?p=2324\" target=\"_self\" rel=\"bookmark noopener noreferrer\" class='uagb-image-ratio-inherit'><img decoding=\"async\" width=\"681\" height=\"1024\" src=\"https:\/\/prostoznieba.eu\/wp-content\/uploads\/2024\/10\/free-stock-photo-of-abstract-action-artistic-1927595-681x1024.jpg\" class=\"attachment-large size-large\" alt=\"Free stock photo of abstract, action, artistic\" srcset=\"https:\/\/prostoznieba.eu\/wp-content\/uploads\/2024\/10\/free-stock-photo-of-abstract-action-artistic-1927595-681x1024.jpg 681w, https:\/\/prostoznieba.eu\/wp-content\/uploads\/2024\/10\/free-stock-photo-of-abstract-action-artistic-1927595-199x300.jpg 199w, https:\/\/prostoznieba.eu\/wp-content\/uploads\/2024\/10\/free-stock-photo-of-abstract-action-artistic-1927595-768x1155.jpg 768w, https:\/\/prostoznieba.eu\/wp-content\/uploads\/2024\/10\/free-stock-photo-of-abstract-action-artistic-1927595-1021x1536.jpg 1021w, https:\/\/prostoznieba.eu\/wp-content\/uploads\/2024\/10\/free-stock-photo-of-abstract-action-artistic-1927595-1362x2048.jpg 1362w, https:\/\/prostoznieba.eu\/wp-content\/uploads\/2024\/10\/free-stock-photo-of-abstract-action-artistic-1927595-scaled.jpg 1702w\" sizes=\"(max-width: 681px) 100vw, 681px\" \/>\t\t\t\t\t<\/a>\n\t\t\t\t\t\t\t<\/div>\n\t\t\t\t\t\t<h4 class=\"uagb-post__title uagb-post__text\">\n\t\t\t\t<a href=\"https:\/\/prostoznieba.eu\/?p=2324\" target=\"_self\" rel=\"bookmark noopener noreferrer\">SESJA PO\u0141\u00d3WKA<\/a>\n\t\t\t<\/h4>\n\t\t\t\t\t\t<div class='uagb-post__text uagb-post-grid-byline'>\n\t\t\t\t\t\t\t\t<time datetime=\"2025-04-22T09:33:49+02:00\" class=\"uagb-post__date\">\n\t\t\t\t<span class=\"dashicons-calendar dashicons\"><\/span>\t\t\t\t\t2025-04-22\t\t\t\t<\/time>\n\t\t\t\t\t\t\t<span class=\"uagb-post__comment\">\n\t\t\t\t<span class=\"dashicons-admin-comments dashicons\"><\/span>\t\t\t\t\tBrak komentarzy\t\t\t\t<\/span>\n\t\t\t\t\t\t<\/div>\n\t\t\t\t\t\t\t<div class='uagb-post__text uagb-post__excerpt'>\n\t\t\t\t\t<p>SESJA PO\u0141\u00d3WKA Witaj! Nazywam si\u0119 Aneta Zinkiewicz i zapraszam Ci\u0119 na SESJ\u0118 PO\u0141\u00d3WK\u0118. SESJA PO\u0141\u00d3WKA&#8230;\t\t\t\t<\/div>\n\t\t\t\t\t\t<div class=\"uagb-post__text uagb-post__cta wp-block-button\">\n\t\t\t\t<a class=\"wp-block-button__link uagb-text-link\" style=\"\" href=\"https:\/\/prostoznieba.eu\/?p=2324\" target=\"_self\" rel=\"bookmark noopener noreferrer\">Dowiedz si\u0119 wi\u0119cej<\/a>\n\t\t\t<\/div>\n\t\t\t\n\t\t\t\t\t\t\t\t\t<\/article>\n\t\t\t\t\t\t\t\t\t\t\t\t\t\t\t\t<article class=\"uagb-post__inner-wrap\">\t\t\t\t\t\t\t\t<div class='uagb-post__image'>\n\t\t\t\t\t\t\t\t\t<a href=\"https:\/\/prostoznieba.eu\/?p=2315\" target=\"_self\" rel=\"bookmark noopener noreferrer\" class='uagb-image-ratio-inherit'><img decoding=\"async\" width=\"1024\" height=\"565\" src=\"https:\/\/prostoznieba.eu\/wp-content\/uploads\/2025\/03\/water-2986845_1280-1024x565.jpg\" class=\"attachment-large size-large\" alt=\"\" srcset=\"https:\/\/prostoznieba.eu\/wp-content\/uploads\/2025\/03\/water-2986845_1280-1024x565.jpg 1024w, https:\/\/prostoznieba.eu\/wp-content\/uploads\/2025\/03\/water-2986845_1280-300x165.jpg 300w, https:\/\/prostoznieba.eu\/wp-content\/uploads\/2025\/03\/water-2986845_1280-768x424.jpg 768w, https:\/\/prostoznieba.eu\/wp-content\/uploads\/2025\/03\/water-2986845_1280.jpg 1280w\" sizes=\"(max-width: 1024px) 100vw, 1024px\" \/>\t\t\t\t\t<\/a>\n\t\t\t\t\t\t\t<\/div>\n\t\t\t\t\t\t<h4 class=\"uagb-post__title uagb-post__text\">\n\t\t\t\t<a href=\"https:\/\/prostoznieba.eu\/?p=2315\" target=\"_self\" rel=\"bookmark noopener noreferrer\">Szkolenie do pracy w hipnozie<\/a>\n\t\t\t<\/h4>\n\t\t\t\t\t\t<div class='uagb-post__text uagb-post-grid-byline'>\n\t\t\t\t\t\t\t\t<time datetime=\"2025-03-08T10:03:16+01:00\" class=\"uagb-post__date\">\n\t\t\t\t<span class=\"dashicons-calendar dashicons\"><\/span>\t\t\t\t\t2025-03-08\t\t\t\t<\/time>\n\t\t\t\t\t\t\t<span class=\"uagb-post__comment\">\n\t\t\t\t<span class=\"dashicons-admin-comments dashicons\"><\/span>\t\t\t\t\tBrak komentarzy\t\t\t\t<\/span>\n\t\t\t\t\t\t<\/div>\n\t\t\t\t\t\t\t<div class='uagb-post__text uagb-post__excerpt'>\n\t\t\t\t\t<p>Szkolenie do pracy w hipnozie &#8211; Trening telepaty Witaj! Nazywam si\u0119 Aneta Zinkiewicz. Jestem certyfikowanym&#8230;\t\t\t\t<\/div>\n\t\t\t\t\t\t<div class=\"uagb-post__text uagb-post__cta wp-block-button\">\n\t\t\t\t<a class=\"wp-block-button__link uagb-text-link\" style=\"\" href=\"https:\/\/prostoznieba.eu\/?p=2315\" target=\"_self\" rel=\"bookmark noopener noreferrer\">Dowiedz si\u0119 wi\u0119cej<\/a>\n\t\t\t<\/div>\n\t\t\t\n\t\t\t\t\t\t\t\t\t<\/article>\n\t\t\t\t\t\t\t\t\t\t\t\t\t\t\t\t<article class=\"uagb-post__inner-wrap\">\t\t\t\t\t\t\t\t<div class='uagb-post__image'>\n\t\t\t\t\t\t\t\t\t<a href=\"https:\/\/prostoznieba.eu\/?p=2240\" target=\"_self\" rel=\"bookmark noopener noreferrer\" class='uagb-image-ratio-inherit'><img decoding=\"async\" width=\"768\" height=\"1024\" src=\"https:\/\/prostoznieba.eu\/wp-content\/uploads\/2024\/10\/4C66EBBA-E86B-4071-90C7-E71F08ABFEFF_1_105_c.jpeg\" class=\"attachment-large size-large\" alt=\"sesja telepatyczna Aneta Zinkiewicz\" srcset=\"https:\/\/prostoznieba.eu\/wp-content\/uploads\/2024\/10\/4C66EBBA-E86B-4071-90C7-E71F08ABFEFF_1_105_c.jpeg 768w, https:\/\/prostoznieba.eu\/wp-content\/uploads\/2024\/10\/4C66EBBA-E86B-4071-90C7-E71F08ABFEFF_1_105_c-225x300.jpeg 225w\" sizes=\"(max-width: 768px) 100vw, 768px\" \/>\t\t\t\t\t<\/a>\n\t\t\t\t\t\t\t<\/div>\n\t\t\t\t\t\t<h4 class=\"uagb-post__title uagb-post__text\">\n\t\t\t\t<a href=\"https:\/\/prostoznieba.eu\/?p=2240\" target=\"_self\" rel=\"bookmark noopener noreferrer\">Sesja telepatyczna<\/a>\n\t\t\t<\/h4>\n\t\t\t\t\t\t<div class='uagb-post__text uagb-post-grid-byline'>\n\t\t\t\t\t\t\t\t<time datetime=\"2024-10-14T11:31:51+02:00\" class=\"uagb-post__date\">\n\t\t\t\t<span class=\"dashicons-calendar dashicons\"><\/span>\t\t\t\t\t2024-10-14\t\t\t\t<\/time>\n\t\t\t\t\t\t\t<span class=\"uagb-post__comment\">\n\t\t\t\t<span class=\"dashicons-admin-comments dashicons\"><\/span>\t\t\t\t\tBrak komentarzy\t\t\t\t<\/span>\n\t\t\t\t\t\t<\/div>\n\t\t\t\t\t\t\t<div class='uagb-post__text uagb-post__excerpt'>\n\t\t\t\t\t<p>O SESJI TELEPATYCZNEJ: Nazywam si\u0119 Aneta Zinkiewicz. Jestem certyfikowanym telepat\u0105, uko\u0144czy\u0142am szkolenie 1-go i 2-go&#8230;\t\t\t\t<\/div>\n\t\t\t\t\t\t<div class=\"uagb-post__text uagb-post__cta wp-block-button\">\n\t\t\t\t<a class=\"wp-block-button__link uagb-text-link\" style=\"\" href=\"https:\/\/prostoznieba.eu\/?p=2240\" target=\"_self\" rel=\"bookmark noopener noreferrer\">Dowiedz si\u0119 wi\u0119cej<\/a>\n\t\t\t<\/div>\n\t\t\t\n\t\t\t\t\t\t\t\t\t<\/article>\n\t\t\t\t\t\t\t\t\t\t\t<\/div>\n\t\t\t","protected":false},"excerpt":{"rendered":"","protected":false},"author":1,"featured_media":0,"parent":0,"menu_order":0,"comment_status":"closed","ping_status":"closed","template":"","meta":{"_uag_custom_page_level_css":"","advgb_blocks_editor_width":"","advgb_blocks_columns_visual_guide":"","_kadence_starter_templates_imported_post":false,"_kad_post_transparent":"","_kad_post_title":"","_kad_post_layout":"","_kad_post_sidebar_id":"","_kad_post_content_style":"","_kad_post_vertical_padding":"","_kad_post_feature":"","_kad_post_feature_position":"","_kad_post_header":false,"_kad_post_footer":false,"footnotes":""},"class_list":["post-1778","page","type-page","status-publish","hentry"],"uagb_featured_image_src":{"full":false,"thumbnail":false,"medium":false,"medium_large":false,"large":false,"1536x1536":false,"2048x2048":false},"uagb_author_info":{"display_name":"admin6739","author_link":"https:\/\/prostoznieba.eu\/?author=1"},"uagb_comment_info":0,"uagb_excerpt":null,"coauthors":[],"author_meta":{"author_link":"https:\/\/prostoznieba.eu\/?author=1","display_name":"admin6739"},"relative_dates":{"created":"Posted 3 lata ago","modified":"Updated 3 lata ago"},"absolute_dates":{"created":"Posted on 2023-05-07","modified":"Updated on 2023-05-07"},"absolute_dates_time":{"created":"Posted on 2023-05-07 12:45","modified":"Updated on 2023-05-07 12:53"},"featured_img_caption":"","featured_img":false,"series_order":"","_links":{"self":[{"href":"https:\/\/prostoznieba.eu\/index.php?rest_route=\/wp\/v2\/pages\/1778","targetHints":{"allow":["GET"]}}],"collection":[{"href":"https:\/\/prostoznieba.eu\/index.php?rest_route=\/wp\/v2\/pages"}],"about":[{"href":"https:\/\/prostoznieba.eu\/index.php?rest_route=\/wp\/v2\/types\/page"}],"author":[{"embeddable":true,"href":"https:\/\/prostoznieba.eu\/index.php?rest_route=\/wp\/v2\/users\/1"}],"replies":[{"embeddable":true,"href":"https:\/\/prostoznieba.eu\/index.php?rest_route=%2Fwp%2Fv2%2Fcomments&post=1778"}],"version-history":[{"count":3,"href":"https:\/\/prostoznieba.eu\/index.php?rest_route=\/wp\/v2\/pages\/1778\/revisions"}],"predecessor-version":[{"id":1920,"href":"https:\/\/prostoznieba.eu\/index.php?rest_route=\/wp\/v2\/pages\/1778\/revisions\/1920"}],"wp:attachment":[{"href":"https:\/\/prostoznieba.eu\/index.php?rest_route=%2Fwp%2Fv2%2Fmedia&parent=1778"}],"curies":[{"name":"wp","href":"https:\/\/api.w.org\/{rel}","templated":true}]}}